at is the greatest common factor of y and 45?
5
Let q be (-6)/((-5)/(-4) + -2). Let c = 22 - q. Calculate the greatest common divisor of 21 and c.
7
Let v(b) = -b**3 + 10*b**2 - 4*b + 1. Let o be v(9). What is the greatest common factor of 23 and o?
23
Let a(z) = 12*z + 5. Let l = 4 - -4. Let w be a(l). Let i be w/1 + -2 - 0. What is the greatest common divisor of i and 9?
9
Let g(i) = -2*i**2 + 27*i + 18. Let x be g(14). Let f = 3 + 7. What is the highest common divisor of x and f?
2
Let d(w) = -49*w + 3. Let r be d(5). Let y(q) = -q**2 - 3*q + 2. Let p be y(-2). Let a be (-1)/p + r/(-8). What is the highest common divisor of 12 and a?
6
Let j(h) = -6*h**2 - 2*h. Let i be j(-3). Let f = i - -72. Calculate the highest common factor of 48 and f.
24
Let t(q) = 64*q**3 - q**2 + 1. Let d be t(1). What is the highest common factor of d and 16?
16
Suppose 0 = -4*z + 87 + 177. Calculate the greatest common divisor of 6 and z.
6
Let p(n) = n**3 - n**2 + 2*n - 7. Let o be p(3). Calculate the greatest common factor of 51 and o.
17
Suppose -2*j + 11 = -c - 13, -24 = -2*j - 2*c. What is the greatest common divisor of j and 96?
12
Let x be (15/(-6))/((-7)/14). What is the greatest common factor of 35 and x?
5
Let n be (-12 + 1)*(-3 - 2). Calculate the highest common factor of 22 and n.
11
Suppose 44 = -3*c - 28. Let i be ((-45)/4)/(c/128). Calculate the greatest common factor of i and 24.
12
Suppose -x + 100 = 3*x. Calculate the greatest common factor of 10 and x.
5
Suppose -3*o = 5*o - 336. Calculate the greatest common factor of 6 and o.
6
Let z = 13 + 0. What is the highest common factor of 39 and z?
13
Suppose 4*n + 4*l = 3*n - 18, -5*n = -l + 111. Let s be n*2/(-8)*14. What is the highest common divisor of 7 and s?
7
Suppose 171 + 1753 = 4*u. Let n = 833 - u. What is the highest common factor of n and 32?
32
Let t = 0 + 0. Suppose -h + 17 - 1 = t. Calculate the greatest common factor of h and 24.
8
Suppose 2*r + 10 = 2*a, -3*a + 3*r = -2*a - 9. Calculate the greatest common factor of 24 and a.
3
Let h be -3 + 24/9 - 28/(-3). Calculate the greatest common divisor of 18 and h.
9
Let z = 9 + 9. Let i(r) be the first derivative of 4*r**3 + r**2/2 + r + 1. Let u be i(-1). What is the greatest common divisor of u and z?
6
Suppose h = -l + 42, 248 = 5*l + h + 30. Let p be (22/3)/((-10)/(-15)). Calculate the highest common divisor of l and p.
11
Suppose 4*d - 3 = -2*c - 1, -3*d = c - 3. Let x be 558/27 - d/3. Let l = 6 - 2. Calculate the highest common factor of l and x.
4
Let t = -23 + 34. Let a(c) = c - 7. Let n be a(t). Calculate the highest common divisor of n and 36.
4
Suppose -19 = 4*z - 67. What is the highest common factor of 84 and z?
12
Let h(g) = -g**2 - 7*g + 9. Let c be h(-7). Let y(r) = -20*r + 7. Let k be y(5). Let m = k + 165. What is the highest common divisor of m and c?
9
Let j(a) = -7*a - 9. Let f be j(-3). What is the greatest common factor of 24 and f?
12
Let t(j) = -j**2 - 15*j + 9. Let h(z) = -z**2 - 10*z - 4. Let q be h(-11). Let g be t(q). Calculate the greatest common divisor of g and 9.
9
Suppose -3*v - 4*a = -53, 3*v - 5*a - 19 = -v. Calculate the highest common factor of 1 and v.
1
Let n(a) = -a**2 + 15*a + 6. Let m be n(12). Calculate the greatest common divisor of 14 and m.
14
Let z be (-4)/(-2) + -3 + 1. Let f be 5 + (1 + -2 - z). Suppose f*q - 54 + 14 = 0. What is the highest common factor of 4 and q?
2
Let j be -31 - 2/(8/4). Let k = j - -54. Calculate the highest common factor of 2 and k.
2
Let a = 27 + 7. Let z = 61 + -10. Calculate the greatest common divisor of z and a.
17
Suppose 5*m - 58 = -3*u, 3*u = 5*u - 2*m - 12. Suppose k - 3*i = -2*i + 95, -4*k + 400 = i. Calculate the greatest common factor of u and k.
11
Let c = 6 + -1. Suppose c*h - 4*d = 2*h + 16, -2*d = -5*h + 8. Let p be (h - 0) + 0 - -80. Calculate the highest common factor of p and 10.
10
Let v(z) = -z**3 - 4*z**2 + 6*z + 15. Let b be v(-7). Calculate the greatest common factor of b and 48.
24
Suppose 5*t - 2*i - 50 = 0, t - 3*i = 5*t - 40. Let n(g) = g**3 - 9*g**2 + 4. Let q be n(9). Let o = 1 + q. What is the greatest common divisor of o and t?
5
Let m(n) = -n**2 - 6*n - 3. Let j be m(-3). Suppose -f - f = j. Let o be (0 + f)/(5/(-25)). What is the highest common factor of o and 30?
15
Let l be 3 + 7/((-14)/12). Let x(t) = -2*t**2 - 4*t. Let d be x(l). Let r = d + 7. What is the greatest common divisor of r and 2?
1
Let z be (0 - -1) + (-2 - -1). Suppose -3*f + 38 + 28 = z. Let i be ((-6)/(-4))/(3 - (-65)/(-22)). Calculate the highest common divisor of f and i.
11
Suppose -2*d - 2*d - 25 = -5*m, -2*m + 2*d = -8. Suppose -5*p = 2*i - 25, i - 20 = -3*i. Let u = m - p. What is the greatest common factor of 36 and u?
6
Let o(n) = 3*n - 5*n - 1 - n**2 - 4*n**3 - n**2. Let m be o(-1). What is the highest common divisor of 18 and m?
3
Suppose -16*w = -19*w + 81. Suppose 0 = 4*d, -5*m + 2*d = -2*m - 9. Calculate the greatest common divisor of w and m.
3
Let s(l) = -l**2 - l + 18. Let c be s(0). Let g be (-10)/2 - -3 - -20. What is the highest common divisor of c and g?
18
Let j be 6/2 - (6 - 3). Suppose -4*u + j*u = 16, -2*b + u = -22. Calculate the highest common divisor of b and 81.
9
Let u = 643 + -283. What is the highest common divisor of 40 and u?
40
Suppose -5*d + 1 = -4*b - 12, 4*b = 12. Suppose p + 3*v - 12 = 0, -4*v = 13 - d. Calculate the greatest common divisor of 54 and p.
18
Suppose -5*r + 3*d + 45 = 0, -4*r + 7*r - 31 = d. Calculate the highest common divisor of r and 84.
12
Suppose -4*q + 3*q = -3. Suppose q*w - 20 = 22. Suppose -5*g - 2 = -772. What is the greatest common factor of g and w?
14
Let v(x) = 9 - x + 12 - 7. Let t = 3 - -4. Let z be v(t). Calculate the greatest common factor of z and 14.
7
Let j = 39 + -14. Calculate the greatest common factor of j and 175.
25
Let r(b) = b**2 - 15*b - 9. Let y be r(14). Let q = y - -33. Let o(z) = z**2 - 2*z + 2. Let a be o(2). What is the highest common divisor of q and a?
2
Let s(o) = o**3 + 9*o**2 + 6*o - 9. Let d be s(-8). Let y = d - 7. Suppose t = -y*t + 18. What is the highest common divisor of 18 and t?
18
Let z(v) = v**2 - 7*v - 4. Let x be z(7). Let o be (x - 14)*30/(-4). Calculate the highest common divisor of 15 and o.
15
Let d(y) = -9*y + 120. Let x be d(10). Let n = -1 + 11. What is the greatest common factor of x and n?
10
Suppose 2*v = -3*v + 145. Let f = -13 + v. Calculate the highest common divisor of f and 176.
16
Let i = -22 - -30. What is the highest common divisor of 1 and i?
1
Let y = -10 - -11. What is the highest common divisor of 7 and y?
1
Let i(u) = -u**2 - 10*u + 4. Let v be i(-10). Let w be 4*2/v*33. Calculate the highest common divisor of w and 44.
22
Let r(j) = 3*j + 2*j - j**2 - 2*j**3 + 4 - 4*j. Let s be r(-4). What is the highest common factor of s and 14?
14
Let p(o) = o**2 - 5 + 3*o**2 - 3*o**2. Let j be p(-5). Let i = -3 - -7. Calculate the highest common divisor of i and j.
4
Let a = -272 - -404. What is the highest common factor of 12 and a?
12
Suppose 0*r + 195 = -5*r. Let z = -27 - r. What is the highest common divisor of 8 and z?
4
Let s(y) = 82*y + 5. Let w be s(-6). Let h = -317 - w. Suppose h = 4*n + 58. What is the greatest common divisor of n and 4?
4
Suppose 0 = -3*l - 3, 2*m - 2*l = l + 21. Let z be 4 - 6 - m/(-1). What is the highest common divisor of 56 and z?
7
Suppose 0 = -j + 5*j - 72. Suppose -u + 36 = -j. What is the greatest common divisor of 36 and u?
18
Suppose 4*r - 15 = -2*n + n, -2*r + n = -9. Let s(p) = p**3 - 2*p**2 - p - 4. Let l be s(r). Calculate the highest common divisor of 264 and l.
24
Suppose -7*a = 3*a - 60. Calculate the highest common factor of a and 30.
6
Suppose -4*z + 6 + 14 = 0, -5*l - 5*z = -25. Suppose l*c + 2*c = 20. Suppose -1 + 5 = 2*m. What is the highest common divisor of m and c?
2
Suppose -7*i = -2*i. Suppose -129 = -3*x - 3*c - 33, 4*c = 5*x - 169. Let l be i/2 + 4*x. What is the highest common factor of l and 12?
12
Let m(g) = g**2 + 13. Let u be m(0). Suppose 0 = 3*c + 2*o - 60 + 15, 3*c - 24 = 5*o. Calculate the greatest common divisor of c and u.
13
Let j(h) = -4*h - 6. Let o be j(-5). Calculate the highest common factor of o and 98.
14
Suppose 18 = 4*y + 3*v - 18, -2*y - 2*v = -18. Suppose -2*p + 20 =